{"id":641,"date":"2025-12-01T13:26:55","date_gmt":"2025-12-01T12:26:55","guid":{"rendered":"https:\/\/innovasocial.info\/?post_type=evento&#038;p=641"},"modified":"2026-01-28T16:43:00","modified_gmt":"2026-01-28T15:43:00","slug":"presentacion-servicio-3-emprendimiento-colectivo","status":"publish","type":"evento","link":"https:\/\/innovasocial.info\/pt\/evento\/presentacion-servicio-3-emprendimiento-colectivo\/","title":{"rendered":"Presentaci\u00f3n Servicio 3: Emprendimiento Colectivo"},"template":"","class_list":["post-641","evento","type-evento","status-publish","hentry"],"yoast_head":"<!-- This site is optimized with the Yoast SEO plugin v27.5 - https:\/\/yoast.com\/product\/yoast-seo-wordpress\/ -->\n<title>Presentaci\u00f3n Servicio 3: Emprendimiento Colectivo - INNOVASOCIAL - Fomento de la innovaci\u00f3n en Econom\u00eda Social en el medio rural de la Eurorregi\u00f3n AAA<\/title>\n<meta name=\"robots\" content=\"index, follow, max-snippet:-1, max-image-preview:large, max-video-preview:-1\" \/>\n<link rel=\"canonical\" href=\"https:\/\/innovasocial.info\/pt\/evento\/presentacion-servicio-3-emprendimiento-colectivo\/\" \/>\n<meta property=\"og:locale\" content=\"pt_PT\" \/>\n<meta property=\"og:type\" content=\"article\" \/>\n<meta property=\"og:title\" content=\"Presentaci\u00f3n Servicio 3: Emprendimiento Colectivo - INNOVASOCIAL - Fomento de la innovaci\u00f3n en Econom\u00eda Social en el medio rural de la Eurorregi\u00f3n AAA\" \/>\n<meta property=\"og:url\" content=\"https:\/\/innovasocial.info\/pt\/evento\/presentacion-servicio-3-emprendimiento-colectivo\/\" \/>\n<meta property=\"og:site_name\" content=\"INNOVASOCIAL - Fomento de la innovaci\u00f3n en Econom\u00eda Social en el medio rural de la Eurorregi\u00f3n AAA\" \/>\n<meta property=\"article:modified_time\" content=\"2026-01-28T15:43:00+00:00\" \/>\n<meta property=\"og:image\" content=\"https:\/\/innovasocial.info\/wp-content\/uploads\/2025\/09\/innovasocial-portada.png\" \/>\n\t<meta property=\"og:image:width\" content=\"2154\" \/>\n\t<meta property=\"og:image:height\" content=\"1212\" \/>\n\t<meta property=\"og:image:type\" content=\"image\/png\" \/>\n<meta name=\"twitter:card\" content=\"summary_large_image\" \/>\n<script type=\"application\/ld+json\" class=\"yoast-schema-graph\">{\"@context\":\"https:\\\/\\\/schema.org\",\"@graph\":[{\"@type\":\"WebPage\",\"@id\":\"https:\\\/\\\/innovasocial.info\\\/evento\\\/presentacion-servicio-3-emprendimiento-colectivo\\\/\",\"url\":\"https:\\\/\\\/innovasocial.info\\\/evento\\\/presentacion-servicio-3-emprendimiento-colectivo\\\/\",\"name\":\"Presentaci\u00f3n Servicio 3: Emprendimiento Colectivo - INNOVASOCIAL - Fomento de la innovaci\u00f3n en Econom\u00eda Social en el medio rural de la Eurorregi\u00f3n AAA\",\"isPartOf\":{\"@id\":\"https:\\\/\\\/innovasocial.info\\\/#website\"},\"datePublished\":\"2025-12-01T12:26:55+00:00\",\"dateModified\":\"2026-01-28T15:43:00+00:00\",\"breadcrumb\":{\"@id\":\"https:\\\/\\\/innovasocial.info\\\/evento\\\/presentacion-servicio-3-emprendimiento-colectivo\\\/#breadcrumb\"},\"inLanguage\":\"pt-PT\",\"potentialAction\":[{\"@type\":\"ReadAction\",\"target\":[\"https:\\\/\\\/innovasocial.info\\\/evento\\\/presentacion-servicio-3-emprendimiento-colectivo\\\/\"]}]},{\"@type\":\"BreadcrumbList\",\"@id\":\"https:\\\/\\\/innovasocial.info\\\/evento\\\/presentacion-servicio-3-emprendimiento-colectivo\\\/#breadcrumb\",\"itemListElement\":[{\"@type\":\"ListItem\",\"position\":1,\"name\":\"Portada\",\"item\":\"https:\\\/\\\/innovasocial.info\\\/\"},{\"@type\":\"ListItem\",\"position\":2,\"name\":\"Presentaci\u00f3n Servicio 3: Emprendimiento Colectivo\"}]},{\"@type\":\"WebSite\",\"@id\":\"https:\\\/\\\/innovasocial.info\\\/#website\",\"url\":\"https:\\\/\\\/innovasocial.info\\\/\",\"name\":\"INNOVASOCIAL\",\"description\":\"Hacia un desarrollo socioecon\u00f3mico justo, inclusivo y sostenible en Alentejo, Algarve y Andaluc\u00eda\",\"publisher\":{\"@id\":\"https:\\\/\\\/innovasocial.info\\\/#organization\"},\"potentialAction\":[{\"@type\":\"SearchAction\",\"target\":{\"@type\":\"EntryPoint\",\"urlTemplate\":\"https:\\\/\\\/innovasocial.info\\\/?s={search_term_string}\"},\"query-input\":{\"@type\":\"PropertyValueSpecification\",\"valueRequired\":true,\"valueName\":\"search_term_string\"}}],\"inLanguage\":\"pt-PT\"},{\"@type\":\"Organization\",\"@id\":\"https:\\\/\\\/innovasocial.info\\\/#organization\",\"name\":\"INNOVASOCIAL\",\"url\":\"https:\\\/\\\/innovasocial.info\\\/\",\"logo\":{\"@type\":\"ImageObject\",\"inLanguage\":\"pt-PT\",\"@id\":\"https:\\\/\\\/innovasocial.info\\\/#\\\/schema\\\/logo\\\/image\\\/\",\"url\":\"https:\\\/\\\/innovasocial.info\\\/wp-content\\\/uploads\\\/2025\\\/07\\\/INNOVASOCIAL_LOGO_CONJUNTO_nomargin-scaled.png\",\"contentUrl\":\"https:\\\/\\\/innovasocial.info\\\/wp-content\\\/uploads\\\/2025\\\/07\\\/INNOVASOCIAL_LOGO_CONJUNTO_nomargin-scaled.png\",\"width\":2560,\"height\":428,\"caption\":\"INNOVASOCIAL\"},\"image\":{\"@id\":\"https:\\\/\\\/innovasocial.info\\\/#\\\/schema\\\/logo\\\/image\\\/\"}}]}<\/script>\n<!-- \/ Yoast SEO plugin. -->","yoast_head_json":{"title":"Presentaci\u00f3n Servicio 3: Emprendimiento Colectivo - INNOVASOCIAL - Fomento de la innovaci\u00f3n en Econom\u00eda Social en el medio rural de la Eurorregi\u00f3n AAA","robots":{"index":"index","follow":"follow","max-snippet":"max-snippet:-1","max-image-preview":"max-image-preview:large","max-video-preview":"max-video-preview:-1"},"canonical":"https:\/\/innovasocial.info\/pt\/evento\/presentacion-servicio-3-emprendimiento-colectivo\/","og_locale":"pt_PT","og_type":"article","og_title":"Presentaci\u00f3n Servicio 3: Emprendimiento Colectivo - INNOVASOCIAL - Fomento de la innovaci\u00f3n en Econom\u00eda Social en el medio rural de la Eurorregi\u00f3n AAA","og_url":"https:\/\/innovasocial.info\/pt\/evento\/presentacion-servicio-3-emprendimiento-colectivo\/","og_site_name":"INNOVASOCIAL - Fomento de la innovaci\u00f3n en Econom\u00eda Social en el medio rural de la Eurorregi\u00f3n AAA","article_modified_time":"2026-01-28T15:43:00+00:00","og_image":[{"width":2154,"height":1212,"url":"https:\/\/innovasocial.info\/wp-content\/uploads\/2025\/09\/innovasocial-portada.png","type":"image\/png"}],"twitter_card":"summary_large_image","schema":{"@context":"https:\/\/schema.org","@graph":[{"@type":"WebPage","@id":"https:\/\/innovasocial.info\/evento\/presentacion-servicio-3-emprendimiento-colectivo\/","url":"https:\/\/innovasocial.info\/evento\/presentacion-servicio-3-emprendimiento-colectivo\/","name":"Presentaci\u00f3n Servicio 3: Emprendimiento Colectivo - INNOVASOCIAL - Fomento de la innovaci\u00f3n en Econom\u00eda Social en el medio rural de la Eurorregi\u00f3n AAA","isPartOf":{"@id":"https:\/\/innovasocial.info\/#website"},"datePublished":"2025-12-01T12:26:55+00:00","dateModified":"2026-01-28T15:43:00+00:00","breadcrumb":{"@id":"https:\/\/innovasocial.info\/evento\/presentacion-servicio-3-emprendimiento-colectivo\/#breadcrumb"},"inLanguage":"pt-PT","potentialAction":[{"@type":"ReadAction","target":["https:\/\/innovasocial.info\/evento\/presentacion-servicio-3-emprendimiento-colectivo\/"]}]},{"@type":"BreadcrumbList","@id":"https:\/\/innovasocial.info\/evento\/presentacion-servicio-3-emprendimiento-colectivo\/#breadcrumb","itemListElement":[{"@type":"ListItem","position":1,"name":"Portada","item":"https:\/\/innovasocial.info\/"},{"@type":"ListItem","position":2,"name":"Presentaci\u00f3n Servicio 3: Emprendimiento Colectivo"}]},{"@type":"WebSite","@id":"https:\/\/innovasocial.info\/#website","url":"https:\/\/innovasocial.info\/","name":"INNOVASOCIAL","description":"Rumo a um desenvolvimento socioecon\u00f3mico justo, inclusivo e sustent\u00e1vel no Alentejo, Algarve e Andaluzia","publisher":{"@id":"https:\/\/innovasocial.info\/#organization"},"potentialAction":[{"@type":"SearchAction","target":{"@type":"EntryPoint","urlTemplate":"https:\/\/innovasocial.info\/?s={search_term_string}"},"query-input":{"@type":"PropertyValueSpecification","valueRequired":true,"valueName":"search_term_string"}}],"inLanguage":"pt-PT"},{"@type":"Organization","@id":"https:\/\/innovasocial.info\/#organization","name":"INNOVASOCIAL","url":"https:\/\/innovasocial.info\/","logo":{"@type":"ImageObject","inLanguage":"pt-PT","@id":"https:\/\/innovasocial.info\/#\/schema\/logo\/image\/","url":"https:\/\/innovasocial.info\/wp-content\/uploads\/2025\/07\/INNOVASOCIAL_LOGO_CONJUNTO_nomargin-scaled.png","contentUrl":"https:\/\/innovasocial.info\/wp-content\/uploads\/2025\/07\/INNOVASOCIAL_LOGO_CONJUNTO_nomargin-scaled.png","width":2560,"height":428,"caption":"INNOVASOCIAL"},"image":{"@id":"https:\/\/innovasocial.info\/#\/schema\/logo\/image\/"}}]}},"_links":{"self":[{"href":"https:\/\/innovasocial.info\/pt\/wp-json\/wp\/v2\/evento\/641","targetHints":{"allow":["GET"]}}],"collection":[{"href":"https:\/\/innovasocial.info\/pt\/wp-json\/wp\/v2\/evento"}],"about":[{"href":"https:\/\/innovasocial.info\/pt\/wp-json\/wp\/v2\/types\/evento"}],"wp:attachment":[{"href":"https:\/\/innovasocial.info\/pt\/wp-json\/wp\/v2\/media?parent=641"}],"curies":[{"name":"wp","href":"https:\/\/api.w.org\/{rel}","templated":true}]}}

Presentación Servicio 3: Emprendimiento Colectivo

<!-- This site is optimized with the Yoast SEO plugin v27.5 - https://yoast.com/product/yoast-seo-wordpress/ -->
<title>Presentación Servicio 3: Emprendimiento Colectivo - INNOVASOCIAL - Fomento de la innovación en Economía Social en el medio rural de la Eurorregión AAA</title>
<meta name="robots" content="index, follow, max-snippet:-1, max-image-preview:large, max-video-preview:-1" />
<link rel="canonical" href="https://innovasocial.info/pt/evento/presentacion-servicio-3-emprendimiento-colectivo/" />
<meta property="og:locale" content="pt_PT" />
<meta property="og:type" content="article" />
<meta property="og:title" content="Presentación Servicio 3: Emprendimiento Colectivo - INNOVASOCIAL - Fomento de la innovación en Economía Social en el medio rural de la Eurorregión AAA" />
<meta property="og:url" content="https://innovasocial.info/pt/evento/presentacion-servicio-3-emprendimiento-colectivo/" />
<meta property="og:site_name" content="INNOVASOCIAL - Fomento de la innovación en Economía Social en el medio rural de la Eurorregión AAA" />
<meta property="article:modified_time" content="2026-01-28T15:43:00+00:00" />
<meta property="og:image" content="https://innovasocial.info/wp-content/uploads/2025/09/innovasocial-portada.png" />
	<meta property="og:image:width" content="2154" />
	<meta property="og:image:height" content="1212" />
	<meta property="og:image:type" content="image/png" />
<meta name="twitter:card" content="summary_large_image" />
<script type="application/ld+json" class="yoast-schema-graph">{"@context":"https:\/\/schema.org","@graph":[{"@type":"WebPage","@id":"https:\/\/innovasocial.info\/evento\/presentacion-servicio-3-emprendimiento-colectivo\/","url":"https:\/\/innovasocial.info\/evento\/presentacion-servicio-3-emprendimiento-colectivo\/","name":"Presentación Servicio 3: Emprendimiento Colectivo - INNOVASOCIAL - Fomento de la innovación en Economía Social en el medio rural de la Eurorregión AAA","isPartOf":{"@id":"https:\/\/innovasocial.info\/#website"},"datePublished":"2025-12-01T12:26:55+00:00","dateModified":"2026-01-28T15:43:00+00:00","breadcrumb":{"@id":"https:\/\/innovasocial.info\/evento\/presentacion-servicio-3-emprendimiento-colectivo\/#breadcrumb"},"inLanguage":"pt-PT","potentialAction":[{"@type":"ReadAction","target":["https:\/\/innovasocial.info\/evento\/presentacion-servicio-3-emprendimiento-colectivo\/"]}]},{"@type":"BreadcrumbList","@id":"https:\/\/innovasocial.info\/evento\/presentacion-servicio-3-emprendimiento-colectivo\/#breadcrumb","itemListElement":[{"@type":"ListItem","position":1,"name":"Portada","item":"https:\/\/innovasocial.info\/"},{"@type":"ListItem","position":2,"name":"Presentación Servicio 3: Emprendimiento Colectivo"}]},{"@type":"WebSite","@id":"https:\/\/innovasocial.info\/#website","url":"https:\/\/innovasocial.info\/","name":"INNOVASOCIAL","description":"Hacia un desarrollo socioeconómico justo, inclusivo y sostenible en Alentejo, Algarve y Andalucía","publisher":{"@id":"https:\/\/innovasocial.info\/#organization"},"potentialAction":[{"@type":"SearchAction","target":{"@type":"EntryPoint","urlTemplate":"https:\/\/innovasocial.info\/?s={search_term_string}"},"query-input":{"@type":"PropertyValueSpecification","valueRequired":true,"valueName":"search_term_string"}}],"inLanguage":"pt-PT"},{"@type":"Organization","@id":"https:\/\/innovasocial.info\/#organization","name":"INNOVASOCIAL","url":"https:\/\/innovasocial.info\/","logo":{"@type":"ImageObject","inLanguage":"pt-PT","@id":"https:\/\/innovasocial.info\/#\/schema\/logo\/image\/","url":"https:\/\/innovasocial.info\/wp-content\/uploads\/2025\/07\/INNOVASOCIAL_LOGO_CONJUNTO_nomargin-scaled.png","contentUrl":"https:\/\/innovasocial.info\/wp-content\/uploads\/2025\/07\/INNOVASOCIAL_LOGO_CONJUNTO_nomargin-scaled.png","width":2560,"height":428,"caption":"INNOVASOCIAL"},"image":{"@id":"https:\/\/innovasocial.info\/#\/schema\/logo\/image\/"}}]}</script>
<!-- / Yoast SEO plugin. -->

Presentación Servicio 3: Emprendimiento Colectivo - INNOVASOCIAL - Fomento de la innovación en Economía Social en el medio rural de la Eurorregión AAA

INNOVASOCIAL - Fomento de la innovación en Economía Social en el medio rural de la Eurorregión AAA

Rumo a um desenvolvimento socioeconómico justo, inclusivo e sustentável no Alentejo, Algarve e Andaluzia
